+ b. What is the units digit of p?
6
Let n(b) = 6*b**2 + b**3 - b**3 - 5*b + b**3 - b**2 - 3. What is the tens digit of n(-5)?
2
Let b = -38 + 23. Let u = -5 - b. What is the tens digit of u?
1
Let c(p) = -8*p**3 + p**2 + 2*p + 1. Let i be c(-1). Let r be 8/3*(-18)/i. What is the units digit of 2/(-1 - 10/r)?
3
Let d be 18/4*(-12)/(-18). Suppose -2 = 2*w - d*w. What is the units digit of w?
2
Suppose 2*q + 3*q + 42 = -4*c, 0 = 5*q + 5*c + 45. Let l be 2/(-4) + (-19)/(-2). Let j = l + q. What is the units digit of j?
3
Suppose 0*s - 32 = -4*s. Suppose -5*b + s = -12. What is the units digit of b?
4
Suppose -4*z = -7*z + 204. What is the tens digit of z?
6
Suppose i + 40 = 6*i. What is the tens digit of ((-58)/i - 0)*-4?
2
What is the units digit of (2/4)/((-14)/(-504))?
8
Let o = 14 + -9. Suppose 2*h - 4*d = -2*h + 80, 0 = o*h - 2*d - 109. What is the units digit of h?
3
Let o(g) = -g**3 - 3*g**2 - 3*g + 1. Let t = -11 + 8. What is the tens digit of o(t)?
1
Let f be (-215)/25 + (-2)/5. Let d = f - -35. What is the tens digit of d?
2
Let r(a) = -a**2 + 5*a - 8. Let q be r(6). What is the units digit of q/(-10) + (-48)/(-80)?
2
Suppose -2*w = 4*y - 72, -3*w = -5*y - 0*y + 90. Suppose -h = -0 - 4. Suppose -l + y = -2*d, -h = 4*d - 3*d. What is the units digit of l?
0
What is the tens digit of 97/(2/(-1)*1/(-2))?
9
Let k(v) = -2 + 2 + 4 - 2 - 15*v. What is the units digit of k(-2)?
2
Suppose 3*w + 2*z = -32, 4*z + 32 = -2*w - 0*z. Let f = -7 - w. What is the units digit of 7/3 + f/(-3)?
2
Let c = -472 + 716. What is the units digit of c?
4
Let u = 19 - 14. What is the units digit of u?
5
Let q(o) = o**2 - 4*o + 1. Let w be q(2). Let r(k) be the second derivative of k**5/20 + k**4/3 + k**3/2 + k**2/2 + 8*k. What is the units digit of r(w)?
1
Suppose 0 = 3*r - 0*r. Let j = 8 + r. What is the units digit of j?
8
Let l(z) = -z + 7. Let b be l(7). Suppose b = 4*t + 8, 6*a - 4*t = 3*a + 53. What is the units digit of a?
5
Suppose 5*k + 5*n - 30 = -0*n, 4*k = 4*n + 8. Suppose 0 - k = o. What is the units digit of 1*2 - (-4)/o?
1
Let g = -277 - -665. What is the tens digit of g?
8
Let h(r) = 2*r**2 - r. Let a be h(2). Suppose -24 - a = -5*w. What is the units digit of w?
6
Suppose -d + 0*d - 53 = 0. Let n = d + 86. What is the units digit of n?
3
Let p(o) = o**2 - 5*o + 2. Let r be p(3). Let a(q) = -q**3 - 3*q**2 - q + 4. What is the units digit of a(r)?
4
Let l be (4/(-12))/(2/(-36)). Suppose 0*y - 3*y + l = 0. Suppose -2*q + y = -4. What is the units digit of q?
3
Let f = 1 + -1. What is the units digit of 0 + f/3 + 13?
3
Let o(u) = 177*u**2 - 2*u. What is the tens digit of o(1)?
7
Let r(c) = -c - 3. Let u be r(-5). Let h(s) = 13*s - 3 - 5*s + 1. What is the tens digit of h(u)?
1
Let w(k) = -4*k - 8. Let t be w(-6). Suppose -2 = -l - u, 5*l - t = -3*u + 4*u. Suppose -2*v - 4 = -l*v. What is the units digit of v?
4
Let l = 2 - -1. Suppose 3*w - 3 = l, -q = 2*w - 10. What is the units digit of q?
6
Suppose 20*d - 23*d = -12. Suppose -v - d*o = -59, -v - 3*v + o + 219 = 0. What is the units digit of v?
5
Suppose 0 = -5*y - 11 - 4. Let o = 1 - y. What is the units digit of 27/6 + 2/o?
5
Let c(y) = -2*y**2 + 12*y - 6. Let f be c(5). Suppose -3*h + 118 = 4*n, 4*n = -f*h + 2*h + 120. What is the units digit of n?
1
Suppose -772 = -8*f + 940. What is the tens digit of f?
1
Let b(k) = k - 1. Let q be b(4). Let u = q + 9. Let n = u + 0. What is the units digit of n?
2
Let v = 196 - 104. What is the units digit of v?
2
Let a(f) = -21*f. Let k(x) = x. Let n(r) = 3*a(r) + 6*k(r). Let h be n(-1). Let d = h - 38. What is the tens digit of d?
1
Suppose -5 = -r + 8. What is the units digit of 2/r - (-2584)/104?
5
What is the tens digit of 1/5 - 1092/(-15)?
7
Suppose -4*l = 2*n + 172, 186 = -4*l - n + 10. What is the units digit of (l/10)/(2/(-4))?
9
Let h be -1 - 3/(3/8). Let j = h + 2. Let x(f) = -f**2 - 8*f + 9. What is the tens digit of x(j)?
1
Let k = -100 + 167. What is the units digit of k?
7
Let d(x) = x**2 + 4*x + 6. Let q be d(-4). Suppose 0 = 3*z - 5*a - 14, 5*z - a + 0 = -q. What is the units digit of (-48)/(-5) + z/(-5)?
0
Suppose -19*q + 2172 = -13*q. What is the tens digit of q?
6
Let d = 93 - 136. Let w = d + 62. What is the units digit of w?
9
Let d(p) be the second derivative of -p**6/240 + p**5/24 - p**4/12 + 2*p. Let w(k) be the third derivative of d(k). What is the tens digit of w(-4)?
1
Let v(r) = -2*r - 3. Let g be v(-6). Suppose g*a = 10*a - 12. What is the tens digit of a?
1
Let s(y) = y**2 - 4*y - 6. Let d be s(8). Let l(j) = -2*j**3 + 2*j - 3. Let f be l(2). Let g = f + d. What is the units digit of g?
1
Let w(x) = 3*x - 1. Let b be w(3). Suppose -b*d = -4*d - 4. What is the units digit of d?
1
What is the units digit of (99/(-6))/((-3)/6)?
3
Let r(c) be the third derivative of c**5/60 - c**4/24 + 25*c**3/6 - c**2. Let a be r(0). Suppose z + 10 = -0*z + 4*f, a = 5*f. What is the tens digit of z?
1
Suppose h - 2 = -h. Let n be 0/(-1 + h + -2). Suppose 2*b - 10 = -n*b. What is the units digit of b?
5
Let v = -25 - -49. Suppose n - 5*n + v = 0. What is the units digit of n?
6
Let p(o) = o**3 - 2*o**2 + o - 3. Let y(d) = d**3 + 3*d**2 - 1. Let b be y(-2). What is the units digit of p(b)?
9
Let l(v) = -v**2 - 3*v - 1. Let n be l(-3). Let g be -4 - 1*-2*1. Let j = n - g. What is the units digit of j?
1
Let n(f) = -2*f + 4. What is the units digit of n(-8)?
0
Let n(y) = -y - 3. Let o be n(-5). Suppose 0*s - 2*h = 4*s - 12, -2*s + 3*h = -22. Suppose -3*z + 29 = 3*d + s, o*z + 33 = 5*d. What is the units digit of d?
7
Let y = 2 + -4. Let a(o) = 2. Let j(k) = k + 11. Let g(r) = 22*a(r) - 4*j(r). What is the units digit of g(y)?
8
Suppose 0 = 6*v - v - 110. What is the tens digit of v?
2
Suppose 3*y - 2 = 10. Suppose -y*c = 55 - 15. What is the units digit of -1 - 5/(c/6)?
2
Let c = 10 + -5. Let m = c + -2. Let s(y) = y**3 - 3*y**2 + 2*y - 4. What is the units digit of s(m)?
2
Suppose -2*d + 21 = -71. What is the tens digit of d?
4
Suppose -p + 7*p = 132. What is the tens digit of p?
2
Let y = -2 + 0. Let h = y - -4. What is the units digit of (1/(-1))/(h/(-4))?
2
Let f(r) = r - 1. Let i be f(4). Suppose 0 = -m - i, 2*v - 93 = -v + 4*m. What is the units digit of v?
7
What is the units digit of (28/(-3))/((-10)/75)?
0
Suppose 4*f + j + 11 = -5, -3*j + 12 = 0. Let s = -3 - f. What is the units digit of s?
2
Suppose -4*n + 5 = 3*q, 3*n = -5*q - 0 - 10. Suppose -90 = -n*m + 50. What is the tens digit of m?
2
Let b(o) = o**2 + 9*o + 6. Let d be b(-8). What is the tens digit of (-12)/(-9)*6 - d?
1
Suppose c + 13 = -2*n + 78, 238 = 4*c - 3*n. Suppose p - 83 = -5*y, 3*y - p - 4*p = c. What is the units digit of y?
7
Let j(x) = 19*x - 51. What is the units digit of j(10)?
9
Let n = -23 + 49. What is the tens digit of n?
2
Let f be 10/(-35) - 216/(-21). Let t = -3 + f. What is the units digit of t?
7
Let m be 0*2/6 - -10. Let x be (-2)/(-6)*(m - -2). What is the tens digit of 104/32*(x - 0)?
1
Suppose -2*o + 10 - 2 = 0. Suppose q - o = 3*r, -2*q = -0*r - 4*r - 4. Let n = 5 + r. What is the units digit of n?
3
Let i = 42 - 6. What is the tens digit of i?
3
Suppose -4*t = -49 - 3. What is the units digit of t?
3
Suppose 54 = -0*r - 3*r + 2*u, 3*r = 4*u - 60. Let h = -1 - r. What is the tens digit of h?
1
Suppose -2*c - 7*c = -171. Suppose 0 = -2*p + 2*l - 24, 5*p - 4*l - 3 = -63. Let g = p + c. What is the units digit of g?
7
Suppose -9 = 2*x - 47. What is the units digit of x?
9
Let d = 47 + -24. What is the units digit of d?
3
Let c(n) = 3*n + 26. Let y be c(-8). Let a be (2/3)/(1/3). Suppose -y*g = a*g - 36. What is the units digit of g?
9
Let v = -19 + 36. Let y be (-6)/3 + (-7 - -9). Suppose -3*m + v + 7 = y. What is the units digit of m?
8
Let d be -15*1*(-2)/6. Let f(p) = 0*p**2 + 12*p - 2*p**2 - d + 2*p**2 - p**2. What is the tens digit of f(9)?
2
Let m = -23 + 48. What is the tens digit of m?
2
Let x be 8 - 1*-2 - 2. Let l(q) be the second derivative of q**3/6 - 3*q**2/2 + 2*q. What is the units digit of l(x)?
5
Let c(h) = h + 6. Let x(q) = -1. Let f(i) = c(i) + 6*x(i). What is the units digit of f(9)?
9
What is the units digit of (-36425)/(-341) - 1/(-11)*2?
7
Let d(j) = -j**3 + 8*j**2 + 8*j - 3. Let p be d(9). Let t = p - -26. What is the tens digit o